r of c and 1960.
40
Suppose 0 = -2*h + 4*r + 412, 5*r + 800 = 4*h + 3*r. What is the highest common divisor of h and 18?
18
Let j(v) = v + 10. Let i be j(-6). Let r be 14/i*(3 - 1). Suppose -2*c = r - 3, 3*p - 69 = 3*c. What is the greatest common divisor of p and 147?
21
Let r(w) = -15*w - 18. Let y(g) = -7*g - 9. Let m(d) = -6*r(d) + 13*y(d). Let o be m(-12). Calculate the highest common divisor of o and 2.
1
Let p be (-2 + 1)*(1 - 99). Suppose 5*j = 102 + p. Let i = j + -20. Calculate the highest common factor of i and 8.
4
Suppose 21 = 6*d - 3*d. Suppose 2*u = -4*p + 82, 5*u - 4 - 12 = -p. Calculate the highest common divisor of d and p.
7
Let x(n) = -n**2 - 5*n + 1. Let w be (-4)/2 + (-2 - 1). Let t be x(w). Suppose -t = -p + 17. Calculate the greatest common factor of 18 and p.
18
Let c(p) = 5*p - 3. Let b be c(6). Suppose 0 = -5*l + 5*k + 415, 8*l + 2*k = 9*l - 85. Calculate the greatest common divisor of b and l.
27
Let y be 10/75 + (-536)/(-30). Let f = 62 + -17. What is the highest common factor of y and f?
9
Let v = 2166 - 2158. What is the greatest common divisor of 196 and v?
4
Let m(x) = -86*x**3 - 2*x**2 + x. Let t be m(1). Let p = t - -115. What is the greatest common divisor of p and 7?
7
Let w(t) = t**3 - 6*t**2 - 5*t - 1. Let u be w(7). Let p be (-13)/((-82)/(-1107) - (-74)/(-270)). What is the highest common factor of p and u?
13
Let l be 0/(1*(-1 - 1)). Suppose l = 4*g - 8 - 12. Suppose -g*f = -2*f - 36. Calculate the greatest common factor of 36 and f.
12
Let c be (15 + -13)/((-6)/(-159)). Calculate the highest common divisor of 159 and c.
53
Let y(t) = -7*t**3 - 11*t**2 - 39*t. Let g be y(-6). What is the highest common factor of 30 and g?
30
Let m = -622 - -634. Calculate the greatest common divisor of m and 354.
6
Suppose 12*o + 4*d = 7*o + 153, 3*o + 3*d = 90. Calculate the highest common factor of o and 88.
11
Let p(w) = -6*w + 5 + 0 + 3. Let g be p(-4). What is the highest common factor of 80 and g?
16
Suppose 0 = -2*f - 2*w + 54, -4 = 5*w + 21. Calculate the greatest common divisor of 1 and f.
1
Suppose -27 = -2*g - 3*f, 4*g - 66 = -3*f - 9. Let h(b) = -b**2 + 52*b - 45. Let v be h(51). Calculate the highest common factor of v and g.
3
Let l(c) be the third derivative of c**6/60 + 17*c**5/60 + 7*c**4/24 + c**3/3 + 33*c**2. Let t be l(-7). What is the greatest common factor of t and 25?
25
Let i = -1 - -3. Let s be -3 - -3*1/3*202. Suppose -s - 141 = -17*b. What is the greatest common factor of b and i?
2
Suppose -18*x + 15*x - 119 = -4*d, 3*x = -4*d + 137. Suppose -v + 109 = -3*b + 352, -5*v = 15. Calculate the highest common factor of d and b.
16
Let b be ((-15)/2 - 1)*-2. Suppose 0 = c + 4*t - 9*t - 123, -4*t = 3*c - 483. Calculate the highest common factor of c and b.
17
Suppose -2*z - 4*r = -128, -4*z - r + 179 = -42. Calculate the highest common divisor of 90 and z.
18
Let m = -24 - -23. Let z(t) = -134*t**3 + 0 + 2 - 5 + t**2 + 2 - t. Let g be z(m). What is the greatest common divisor of 15 and g?
15
Suppose 5*x - 2*k - k = 136, -2*k - 30 = -x. Let j be (-3 + 28/4)/1. Let q be 3/(j*(-4)/(-208)). Calculate the greatest common divisor of q and x.
13
Let x(v) = 34*v + 3. Let g be x(3). Let k be (-8 - -12) + -1 + 0. Let b be 42/(3 + k)*3. What is the highest common divisor of g and b?
21
Let c(d) = d**3 + 10*d**2 - 8*d - 35. Let g be c(-10). Let p = -109 + 23. Let l be (-2)/(-3) + p/(-6). Calculate the highest common divisor of g and l.
15
Suppose -1232 = 31*t - 59*t. Calculate the greatest common factor of 11 and t.
11
Let y be ((-4)/16)/((-6)/24*1). Let b(r) = r**2 + 8*r + 9. Let x be b(-7). Suppose 2*w - 16 = -x*w. What is the highest common divisor of w and y?
1
Suppose -4*i = -0*i + 12. Let p(m) = -m - 1. Let t be p(i). Suppose -t*q = 2*q + 2*f - 50, 5*q - 43 = 4*f. Calculate the greatest common divisor of q and 77.
11
Let m(d) = -d + 29. Let h = -70 - -89. Let c be m(h). What is the highest common factor of 90 and c?
10
Suppose -5*q - 3*y + 6 = 0, -3*q - 4*y + 4 = 7. Let d = q - -1. Suppose -d*z + 2*b + 2*b + 52 = 0, 4*b + 16 = 0. What is the greatest common divisor of z and 9?
9
Suppose o = -4*w - 321, -w + 4*o - 77 = o. Let c be 145/7 + (w/(-35) - 2). What is the greatest common divisor of c and 3?
3
Suppose -4*p + 5*p = 140. Let x be (9/(-6))/(6/32). Let c(s) = 2*s**2 + 10*s + 8. Let k be c(x). What is the highest common divisor of k and p?
28
Suppose 0*y = -4*y + 1680. Let t = 210 - 208. Suppose -2*s + 3*i + y = 0, -t*i - 424 = -0*s - 2*s. What is the greatest common divisor of 24 and s?
24
Let t be (-3 + -4 - -1) + 3. Let o = 6 - t. Let u = -36 + 63. What is the highest common factor of o and u?
9
Let q(n) = -3*n**3 - 12*n**2 - 21*n - 81. Let d be q(-9). What is the greatest common divisor of 49 and d?
49
Suppose -13*k = -19*k + 42. Suppose -2*r + 103 = -5*l, -4*r - 5*l + 23 + 168 = 0. Calculate the greatest common divisor of k and r.
7
Let m(w) = w**2 + 2*w - 133. Let q be m(16). Calculate the greatest common factor of q and 403.
31
Let k = -26 + 6. Let i be (-4)/6 + k/15. Let s be 18/(i - -4) - -3. What is the highest common divisor of 108 and s?
12
Let z be (-8)/20 - 114/(-10). Let j(f) = -223*f + 947. Let n be j(4). Calculate the greatest common factor of n and z.
11
Let p(f) = 4*f - 7. Let q be p(7). Let i = -272 + 503. Calculate the greatest common divisor of q and i.
21
Let c(v) = v - 1. Let m be c(8). Suppose -m*t + 2*t = 0. Suppose 4*s - 5*x + t*x = 23, -3*s - 2*x = 0. Calculate the greatest common divisor of 2 and s.
2
Let n(l) = l**3 + l**2 + 2*l + 1. Let b be n(-1). Let w be 1*(-23 + 1)*(b - 1). What is the highest common divisor of 110 and w?
22
Suppose 0 = -4*b, -3*h - 2*b + 97 - 25 = 0. Calculate the greatest common factor of 136 and h.
8
Let v = 1 + 15. Let q = v + -16. Suppose q = 22*j - 17*j - 1125. What is the greatest common divisor of 25 and j?
25
Let o(m) = 3*m**3 + m**2 - 2*m - 5. Let a be o(6). Calculate the greatest common divisor of 23 and a.
23
Let g = -2269 + 2284. What is the greatest common divisor of g and 345?
15
Let n = -45 - -48. Suppose -8*d + n*d = -75. Calculate the greatest common divisor of d and 15.
15
Let t be (-246)/12*1/(-2)*4. Calculate the greatest common factor of 1 and t.
1
Let f = -5 - -8. Suppose -t + f*a + 18 = 2*t, 0 = t - 3*a. Suppose 3*x = -3*h + 288, -61*x + 65*x = -h + 393. What is the highest common factor of x and t?
9
Suppose 0 = -18*g + 14*g + 16. Let u be 2 + 49/g + 3/4. What is the greatest common factor of u and 120?
15
Let y(u) = 2*u**3 - 2*u**2 - 3*u + 3. Let v be y(2). Suppose -i = -v - 20. Let z be 6/15 - (-240)/i. Calculate the greatest common divisor of 70 and z.
10
Let v be (8/14)/(1/7). Suppose -3*p + 38 = 2*l, 0 = -v*l - 0*l - p + 56. Let z = l + -5. What is the highest common divisor of z and 88?
8
Let j be (-34)/221 + 0 + 301/13. What is the greatest common divisor of 1 and j?
1
Let y(u) be the third derivative of -u**5/60 - u**4/8 + 20*u**3/3 - 10*u**2. Let r be y(0). What is the greatest common divisor of r and 360?
40
Let w = 253 + -213. What is the highest common factor of 200 and w?
40
Let k = 686 + -672. Let s(x) = 2*x - 12. Let g be s(8). Let d(h) = 2*h**3 - 5*h**2 - 2*h + 2. Let o be d(g). Calculate the greatest common factor of k and o.
14
Let z(b) = 29*b + 263. Let f be z(-8). Let g(h) = -6*h**3 - 4*h**2 - 2. Let p be g(-3). Calculate the highest common divisor of p and f.
31
Suppose 301 = 3*l - 155. Let w be 55/66*32/20*(8 - 2). What is the greatest common factor of w and l?
8
Let k = 963 - 703. Calculate the greatest common divisor of 325 and k.
65
Suppose k + 733 = 949. What is the greatest common factor of k and 168?
24
Let g(a) = 3*a + 7. Suppose -5*i + s + 24 = -2*s, -5*s = 5*i - 40. Let n be g(i). What is the highest common divisor of 20 and n?
5
Let w be (-1 - -4) + 19 + -1. Suppose 4*t - 3*s + w = 3, -s + 8 = -2*t. Let d be (-14)/(t*8/12). What is the highest common factor of d and 35?
7
Let h = -1282 + 1400. Calculate the highest common factor of 1239 and h.
59
Suppose -16*k - 2753 = -3169. Let g = -36 - -62. Calculate the greatest common factor of g and k.
26
Let p(r) = 2*r**2 + 4*r + 5. Let t be p(-2). Suppose -a = t*a - 870. Calculate the greatest common factor of 58 and a.
29
Let t = 40 - -4. Let y be 